(base 5) to base 13
1b761
What is -907 (base 12) in base 10?
-1303
What is 2103201 (base 4) in base 8?
22341
What is -2891 (base 11) in base 6?
-25134
What is -c9ca (base 13) in base 10?
-28051
What is -367 (base 14) in base 3?
-221011
Convert 30526 (base 7) to base 6.
54324
24cf (base 16) to base 2
10010011001111
What is -46 (base 13) in base 9?
-64
What is 488 (base 12) in base 9?
835
-8d1a (base 16) to base 4
-20310122
Convert -3042 (base 5) to base 13.
-247
780 (base 15) to base 4
122133
What is 147a (base 11) in base 16?
76e
-32203 (base 5) to base 2
-100010000010
What is 104 (base 10) in base 15?
6e
24a (base 11) to base 5
2141
What is -1890 (base 11) in base 6?
-15034
143 (base 6) to base 10
63
Convert 100110011111001 (base 2) to base 11.
13894
121210 (base 4) to base 7
4525
Convert -1312421 (base 5) to base 6.
-320150
Convert 1a11 (base 12) to base 16.
c6d
-486 (base 13) to base 5
-11121
Convert -2813 (base 9) to base 3.
-2220110
-14502 (base 8) to base 16
-1942
137 (base 12) to base 10
187
-2781 (base 15) to base 10
-8446
-1b2 (base 14) to base 5
-2402
What is 235 (base 12) in base 13?
1c4
20001002 (base 3) to base 16
1133
-313101 (base 4) to base 6
-24213
Convert 125112 (base 6) to base 7.
45335
-125771 (base 8) to base 14
-12089
-d5 (base 15) to base 5
-1300
Convert 2020222 (base 3) to base 8.
3156
Convert 765 (base 9) to base 16.
272
Convert 2565 (base 14) to base 8.
14635
-31123 (base 5) to base 9
-2714
Convert -12102 (base 4) to base 14.
-20a
Convert 2cb (base 13) to base 6.
2201
What is -23042 (base 8) in base 12?
-5796
Convert -3716 (base 11) to base 13.
-2298
Convert 420 (base 14) to base 12.
578
496 (base 16) to base 3
1121111
Convert -4cf6 (base 16) to base 4.
-10303312
What is 1110101111 (base 2) in base 5?
12233
Convert 62 (base 12) to base 6.
202
Convert -309 (base 11) to base 7.
-1041
What is -30443 (base 5) in base 10?
-1998
What is 103332 (base 4) in base 13?
774
Convert 2000 (base 6) to base 15.
1dc
What is 193d (base 15) in base 5?
133313
What is -617 (base 15) in base 7?
-4000
b3 (base 13) to base 14
a6
What is -1101100110 (base 2) in base 14?
-462
-13e (base 15) to base 10
-284
-34178 (base 12) to base 7
-406130
Convert 2e3 (base 16) to base 10.
739
What is 49bc (base 14) in base 13?
5b4a
6606 (base 15) to base 2
101010001100110
What is -c3 (base 14) in base 7?
-333
What is 134510 (base 6) in base 12?
7436
13354 (base 10) to base 4
3100222
-10110 (base 2) to base 11
-20
Convert 128b (base 13) to base 16.
a5a
Convert 15751 (base 10) to base 15.
4a01
What is 2220 (base 6) in base 9?
633
Convert 17b7 (base 13) to base 11.
271a
Convert 333 (base 11) to base 14.
207
What is -7ae (base 16) in base 5?
-30331
What is -12484 (base 10) in base 2?
-11000011000100
What is -273d (base 16) in base 9?
-14701
What is 20302103 (base 4) in base 15?
a9e2
What is 814 (base 11) in base 14?
503
Convert -56366 (base 10) to base 9.
-85278
-8b8 (base 14) to base 8
-3302
What is -198 (base 13) in base 9?
-356
What is 56124 (base 9) in base 15?
b0a7
Convert 2403303 (base 5) to base 13.
17173
4324 (base 5) to base 9
724
What is -1115 (base 6) in base 4?
-10013
Convert 1d53 (base 15) to base 16.
18ea
-9ed3 (base 15) to base 4
-20032323
Convert 562 (base 7) to base 3.
101201
8158 (base 10) to base 11
6147
Convert 221 (base 6) to base 3.
10011
2391 (base 11) to base 16
c35
What is -637 (base 9) in base 11?
-433
Convert 40 (base 8) to base 16.
20
Convert 1031013 (base 6) to base 13.
1a154
What is -40 (base 12) in base 5?
-143
What is -11200202 (base 4) in base 7?
-122531
Convert -222340 (base 5) to base 7.
-31605
-35244 (base 6) to base 14
-1bc0
-2324 (base 5) to base 15
-179
-1db9 (base 14) to base 8
-12517
Convert 3bb (base 13) to base 4.
22111
Convert -222443 (base 5) to base 2.
-1111011000001
What is -1011100010010101 (base 2) in base 7?
-254523
132212 (base 4) to base 6
13022
What is 14151 (base 8) in base 4?
1201221
What is 34b (base 12) in base 5?
3431
What is 3da9 (base 16) in base 13?
7253
-2125 (base 7) to base 14
-3bc
Convert -34831 (base 12) to base 9.
-116401
Convert -10001012 (base 3) to base 6.
-14135
26840 (base 10) to base 2
110100011011000
Convert -557 (base 14) to base 4.
-100201
What is -31525 (base 6) in base 3?
-12220022
Convert 1145 (base 10) to base 9.
1512
What is 117 (base 13) in base 2?
10111101
111110010 (base 2) to base 11
413
12110 (base 4) to base 3
112222
13064 (base 13) to base 16
89a2
What is -41d (base 16) in base 2?
-10000011101
Convert -40241 (base 11) to base 12.
-2a083
-1934 (base 14) to base 2
-1000111001010
What is -376 (base 9) in base 3?
-102120
Convert 111140 (base 5) to base 14.
1600
What is 9462 (base 16) in base 9?
57086
-133230 (base 5) to base 15
-192a
-1111110110 (base 2) to base 9
-1346
Convert 240124 (base 5) to base 15.
290e
-135433 (base 6) to base 9
-18633
Convert 33a (base 13) to base 8.
1054
-10210 (base 4) to base 14
-16c
-1271 (base 11) to base 5
-23101
Convert -2757 (base 12) to base 2.
-1000110110011
117 (base 10) to base 4
1311
Convert 10000011010101100 (base 2) to base 11.
46581
What is 1115050 (base 6) in base 16?
de06
2266 (base 9) to base 5
23210
What is 12331 (base 4) in base 14?
23b
What is 707 (base 16) in base 13?
a85
-152352 (base 7) to base 16
-73f2
Convert 174 (base 8) to base 10.
124
What is -773 (base 11) in base 13?
-564
What is -2066 (base 12) in base 2?
-110111001110
Convert 2212 (base 4) to base 10.
166
Convert -174062 (base 8) to base 3.
-10020011021
Convert 142331 (base 8) to base 11.
34952
3020301 (base 5) to base 7
260346
-100101 (base 4) to base 3
-1102120
What is ad6 (base 15) in base 9?
3323
15575 (base 13) to base 5
2243422
5451 (base 10) to base 7
21615
1000201 (base 3) to base 6
3244
What is -11000100010 (base 2) in base 14?
-802
-2203031 (base 4) to base 13
-49a6
Convert -730 (base 9) to base 14.
-306
What is 3313223 (base 4) in base 8?
36753
74 (base 8) to base 2
111100
-30166 (base 7) to base 2
-1110010000100
-1c8 (base 15) to base 2
-110011101
What is 3ad1 (base 15) in base 9?
18217
-2c46 (base 15) to base 14
-367a
66498 (base 10) to base 14
1a33c
16326 (base 9) to base 8
25702
-195d (base 14) to base 13
-2122
What is -7306 (base 9) in base 7?
-21414
-3617 (base 10) to base 12
-2115
Convert -15f3 (base 16) to base 9.
-7633
16f (base 16) to base 6
1411
Convert -524 (base 12) to base 7.
-2116
12440 (base 11) to base 6
214315
4641 (base 7) to base 4
122133
Convert -199a (base 12) to base 4.
-301012
What is -43 (base 13) in base 7?
-106
Convert -295a (base 16) to base 10.
-10586
What is 2648 (base 13) in base 3?
21111112
What is -202433 (base 5) in base 4?
-1213122
234f (base 16) to base 10
9039
-50074 (base 9) to base 12
-17034
-1100121 (base 3) to base 12
-6a4
-1587 (base 12) to base 5
-40201
Convert -2495 (base 15) to base 5.
-222130
What is -22503 (base 6) in base 3?
-11101210
26936 (base 10) to base 5
1330221
Convert 149 (base 14) to base 16.
105
-5a9 (base 13) to base 2
-1111011000
Convert -35626 (base 7) to base 5.
-243412
What is -2216 (base 8) in base 16?
-48e
What is 10012 (base 3) in base 6?
222
Convert -151 (base 16) to base 15.
-177
Convert -2dc (base 16) to base 5.
-10412
12200001 (base 3) to base 7
15022
712 (base 11) to base 2
1101011100
212014 (base 5) to base 2
1101111011110
Convert -4102 (base 8) to base 14.
-ab0
Convert -312 (base 16) to base 5.
-11121
-1af (base 16) to base 3
-120222
-63 (base 12) to base 4
-1023
Convert -656 (base 10) to base 6.
-3012
What is -2330112 (base 5) in base 7?
-235000
Convert 25f5 (base 16) to base 14.
3781
What is 101111100010100 (base 2) in base 7?
130651
361 (base 13) to base 11
493
Convert 201210 (base 5) to base 15.
1d8a
Convert -660 (base 10) to base 5.
-10120
Convert d3 (base 14) to base 12.
135
2257 (base 12) to base 13
1972
What is 101b (base 16) in base 8?
10033
What is 511000 (base 6) in base 4?
21313020
What is -2110200010 (base 3) in base 11?
-33575
What is 4012 (base 14) in base 10?
10992
Convert -24050 (base 7) to base 14.
-2397
What is -100012212 (base 3) in base 7?
-25406
102707 (base 8) to base 13
12785
Convert -24a4 (base 15) to base 16.
-1e7c
What is -3350 (base 6) in base 2?
-1100010010
30870 (base 11) to base 15
d4cd
-2312330 (base 4) to base 6
-130112
Convert 1213 (base 4) to base 1